100?
1100121
In base 6, what is -2545 + -40?
-3025
In base 12, what is -4a3359 + 3?
-4a3356
In base 3, what is -20120012200 + 1?
-20120012122
In base 2, what is 101101100111 + 11011011?
110001000010
In base 10, what is -2 + -16899?
-16901
In base 3, what is -221202 - -20112?
-201020
In base 3, what is 210 - -100010122?
100011102
In base 2, what is -10000 - 10001110100110111?
-10001110101000111
In base 10, what is 84961 - -4?
84965
In base 16, what is 0 - -3f1a?
3f1a
In base 15, what is 1aca68 - -5?
1aca6d
In base 7, what is 616312 - 0?
616312
In base 13, what is -414 - 6bb?
-b02
In base 11, what is -5 - -7211?
7207
In base 4, what is -10 - -2100221?
2100211
In base 8, what is 15601 + 4?
15605
In base 13, what is 8a20 - 0?
8a20
In base 15, what is 8 - 435?
-42c
In base 4, what is 23 - -323030?
323113
In base 5, what is 101434331 + 0?
101434331
In base 8, what is -23766 - 1?
-23767
In base 7, what is -140 + -12500?
-12640
In base 9, what is -1162 - 37?
-1210
In base 3, what is -11 - 222121002200?
-222121002211
In base 13, what is -2c22 + 47?
-2ba8
In base 9, what is -445 + -20?
-465
In base 5, what is 14 - -214212?
214231
In base 7, what is -134 + -16654?
-20121
In base 5, what is 1 - 242211434?
-242211433
In base 8, what is 6 - -11034?
11042
In base 15, what is -3 + -ec871?
-ec874
In base 5, what is 13 - 440140?
-440122
In base 15, what is 81 - 95d?
-8cc
In base 8, what is -24561535 - 5?
-24561542
In base 5, what is 1 + -121004?
-121003
In base 9, what is -2173 + 507?
-1565
In base 4, what is 3 - 200003012?
-200003003
In base 13, what is -3 + -a116?
-a119
In base 8, what is -1056012 - 0?
-1056012
In base 9, what is 8 + -2417?
-2408
In base 8, what is 127 + 1070?
1217
In base 5, what is 41 - 10022?
-4431
In base 11, what is 9a647 + -4?
9a643
In base 5, what is 330113 - -2?
330120
In base 14, what is 8 - -12ad9?
12b03
In base 9, what is -2 - -1655?
1653
In base 12, what is 3b03 - 180?
3943
In base 10, what is -773954 - 4?
-773958
In base 10, what is -5 + 176882?
176877
In base 10, what is 4 - 113423?
-113419
In base 15, what is 16 - 4ae2?
-4acb
In base 15, what is -4807 + 4d?
-47a9
In base 5, what is -3431 + 242422?
233441
In base 2, what is 1101001010100 - -11?
1101001010111
In base 12, what is -3 - a873?
-a876
In base 16, what is 7d + -4c?
31
In base 5, what is -114334 - -312?
-114022
In base 12, what is 2 - 225b?
-2259
In base 12, what is -28 + -7531?
-7559
In base 6, what is -2415 - 1223?
-4042
In base 9, what is 26 + 702?
728
In base 2, what is -1010001 - -100111?
-101010
In base 5, what is -20 + -321203?
-321223
In base 4, what is -21030232 + 1?
-21030231
In base 12, what is 62 - 5456?
-53b4
In base 16, what is -16ec + 8?
-16e4
In base 13, what is -26a19 - -4c?
-2699a
In base 6, what is 1231 + -1041?
150
In base 14, what is d - -2d62?
2d71
In base 3, what is -1221 - 2020221?
-2022212
In base 10, what is -20458 + 76?
-20382
In base 15, what is -308 + -1c5?
-4cd
In base 14, what is -6a + -8d?
-119
In base 10, what is -2 + 618880?
618878
In base 16, what is 4122 + -71?
40b1
In base 15, what is 38e0d + 3?
38e11
In base 15, what is -4 + -1cb8?
-1cbc
In base 8, what is -2 + -7331?
-7333
In base 12, what is 2257 - 10?
2247
In base 14, what is 87217 + 1?
87218
In base 8, what is 0 - -50571?
50571
In base 7, what is -464342 - -30?
-464312
In base 4, what is -10300 - -132231?
121331
In base 14, what is c2419 + -5?
c2414
In base 12, what is -7254 - 4?
-7258
In base 3, what is -20 - 1011010211120?
-1011010211210
In base 16, what is -29b6 - -12?
-29a4
In base 10, what is 6181 + 43?
6224
In base 3, what is 12020 + -122122?
-110102
In base 4, what is -31 + -13303323?
-13310020
In base 15, what is 5 + -c9d6?
-c9d1
In base 15, what is 2 - 43005?
-43003
In base 11, what is -4 - 2753a8?
-275401
In base 8, what is 240670 + 120?
241010
In base 10, what is -47902 - -17?
-47885
In base 9, what is -1664503 + 1?
-1664502
In base 15, what is 16 - 8c4?
-8ad
In base 2, what is 11101000001000010 - 0?
11101000001000010
In base 3, what is 12111 - -12102?
101220
In base 9, what is -216850 + 11?
-216838
In base 13, what is 800b + 0?
800b
In base 16, what is -82 + -b5a3?
-b625
In base 15, what is -43c + -1197?
-15d4
In base 6, what is 1001022 + 42?
1001104
In base 12, what is -77 + -9a67?
-9b22
In base 4, what is -1 - -2210133?
2210132
In base 2, what is -100111101 + -1010001?
-110001110
In base 15, what is -4cea8 + b?
-4ce9c
In base 5, what is 34 - -1020242?
1020331
In base 9, what is -6 - -57453?
57446
In base 11, what is 1 - -204a59?
204a5a
In base 15, what is 1a8 - 1398?
-11e0
In base 8, what is -520 - -634?
114
In base 11, what is 3636050 + -3?
3636048
In base 15, what is -8ec0 + -2?
-8ec2
In base 5, what is 330 + -32313?
-31433
In base 14, what is 269 + -213?
56
In base 10, what is -1 + 477018?
477017
In base 7, what is -4466353 + -3?
-4466356
In base 16, what is -2 - -290c?
290a
In base 5, what is 1 + 30433003?
30433004
In base 9, what is 58280 + -2?
58277
In base 11, what is -a02 - 6?
-a08
In base 15, what is 2 - 37ba7?
-37ba5
In base 6, what is -2021 + 522?
-1055
In base 16, what is -104 + -14c?
-250
In base 10, what is -1 - -67245?
67244
In base 2, what is 11010110011100011 + -1110?
11010110011010101
In base 5, what is -1424221 - -1?
-1424220
In base 7, what is -20 + 62?
42
In base 11, what is -92704 + -26?
-9272a
In base 4, what is 10320003 - -2?
10320011
In base 12, what is 5 + -206b2?
-206a9
In base 4, what is -13031103 - 11?
-13031120
In base 6, what is 1215513 - -5?
1215522
In base 12, what is 4 - b630?
-b628
In base 6, what is -145431004 - -1?
-145431003
In base 10, what is -4 + 112919?
112915
In base 11, what is 105314 - 2?
105312
In base 6, what is -13 - 25031?
-25044
In base 8, what is 2325 + 144?
2471
In base 4, what is -210102 + 13?
-210023
In base 10, what is -160 + 98?
-62
In base 5, what is 22 + -4402?
-4330
In base 10, what is -109 + 522?
413
In base 14, what is -3a + 1a59b?
1a561
In base 11, what is 37 - -362?
399
In base 4, what is 12 + -1222230?
-1222212
In base 14, what is -19 + 1a2b?
1a12
In base 15, what is -1 + -109ae1?
-109ae2
In base 15, what is -4 + 1557?
1553
In base 9, what is 77800 - -10?
77810
In base 6, what is 13203512 + 3?
13203515
In base 3, what is -11 + 1101011022?
1101011011
In base 2, what is -10011110010011001001 + 101?
-10011110010011000100
In base 11, what is 76 - -114?
18a
In base 11, what is 4210a - -5?
42114
In base 8, what is -15 - -3145?
3130
In base 16, what is 6f - 63?
c
In base 8, what is -604 + 10556?
7752
In base 9, what is 6076 - -15?
6102
In base 13, what is 4a8a98 - 5?
4a8a93
In base 2, what is -100000000111 - -11000?
-11111101111
In base 12, what is 44 + 6ba?
742
In base 16, what is -12a0 - 2?
-12a2
In base 13, what is -16 - -215a?
2144
In base 10, what is -5281 + -30?
-5311
In base 9, what is -636 - 2640?
-3376
In base 4, what is 2200211100 + -1?
2200211033
In base 4, what is -31121323 - -1?
-31121322
In base 2, what is -100110110101 + -1010?
-100110111111
In base 7, what is 4 + 231552?
231556
In base 4, what is 2222303 - -12?
2222321
In base 3, what is 2 + 201120012010?
201120012012
In base 16, what is -26e + -12d?
-39b
In base 14, what is 679c6 + 3?
679c9
In base 12, what is -20 + -33180?
-331a0
In base 7, what is 543362 - 2?
543360
In base 8, what is -1430 - 1474?
-3124
In base 8, what is -200505 + 7?
-200476
In base 7, what is -4 - -13133003?
13132666
In base 11, what is 19637 + -4?
19633
In base 8, what is -2056 - 301?
-2357
In base 11, what is -195a072 - -5?
-195a068
In base 10, what is 4381 + -139?
4242
In base 7, what is -30 - 44044?
-44104
In base 7, what is -215320 - -11?
-215306
In base 16, what is 1209 + -6?
1203
In base 5, what is 23430304 - 10?
23430244
In base 6, what is -1223 + 4150?
2523
In base 16, what is -5 + -23ae?
-23b3
In base 13, what is -43 - 271b?
-2761
In base 4, what is 100323121 - 301?
100322220
In base 11, what is -2799 - -2a?
-276a
In base 13, what is 327 + 2?
329
In base 16, what is -febc + 4?
-feb8
In base 11, what is 199977 + 9?
199985
In base 14, what is 54a + -156?
3d4
In base 15, what is 8435 - 3?
8432
In base 10, what is -1163 - 179?
-1342
In base 14, what is d01 + -3?
cdc
In base 5, what is 1023321 + 130?
1024001
In base 8, what is -53742 - 4?
-53746
In base 15, what